{"id":2,"date":"2023-08-30T21:40:11","date_gmt":"2023-08-30T21:40:11","guid":{"rendered":"https:\/\/zonafranca.mannah.com.py\/?page_id=2"},"modified":"2023-08-31T00:15:17","modified_gmt":"2023-08-31T00:15:17","slug":"info","status":"publish","type":"page","link":"https:\/\/zonafranca.mannah.com.py\/index.php\/info\/","title":{"rendered":"Info"},"content":{"rendered":"<p><strong>Informaci\u00f3n en Ingles<\/strong><\/p>\r\n<p><a href=\"https:\/\/zonafranca.mannah.com.py\/wp-content\/uploads\/2023\/08\/diptico_ENG.pdf\">diptico_ENG<\/a><\/p>\r\n<p><strong>Informaci\u00f3n en Espa\u00f1ol<\/strong><\/p>\r\n<p><a href=\"https:\/\/zonafranca.mannah.com.py\/wp-content\/uploads\/2023\/08\/diptico_ESP.pdf\">diptico_ESP<\/a><\/p>\r\n<p>&nbsp;<\/p>\r\n","protected":false},"excerpt":{"rendered":"<p>Informaci\u00f3n en Ingles diptico_ENG Informaci\u00f3n en Espa\u00f1ol diptico_ESP &nbsp;<\/p>\n","protected":false},"author":1,"featured_media":0,"parent":0,"menu_order":0,"comment_status":"closed","ping_status":"closed","template":"","meta":{"footnotes":""},"class_list":["post-2","page","type-page","status-publish","hentry"],"_links":{"self":[{"href":"https:\/\/zonafranca.mannah.com.py\/index.php\/wp-json\/wp\/v2\/pages\/2","targetHints":{"allow":["GET"]}}],"collection":[{"href":"https:\/\/zonafranca.mannah.com.py\/index.php\/wp-json\/wp\/v2\/pages"}],"about":[{"href":"https:\/\/zonafranca.mannah.com.py\/index.php\/wp-json\/wp\/v2\/types\/page"}],"author":[{"embeddable":true,"href":"https:\/\/zonafranca.mannah.com.py\/index.php\/wp-json\/wp\/v2\/users\/1"}],"replies":[{"embeddable":true,"href":"https:\/\/zonafranca.mannah.com.py\/index.php\/wp-json\/wp\/v2\/comments?post=2"}],"version-history":[{"count":2,"href":"https:\/\/zonafranca.mannah.com.py\/index.php\/wp-json\/wp\/v2\/pages\/2\/revisions"}],"predecessor-version":[{"id":68,"href":"https:\/\/zonafranca.mannah.com.py\/index.php\/wp-json\/wp\/v2\/pages\/2\/revisions\/68"}],"wp:attachment":[{"href":"https:\/\/zonafranca.mannah.com.py\/index.php\/wp-json\/wp\/v2\/media?parent=2"}],"curies":[{"name":"wp","href":"https:\/\/api.w.org\/{rel}","templated":true}]}}